ase 12, what is -3836 - -2846?
-bb0
In base 10, what is -22963 + -683?
-23646
In base 14, what is 9 - -6088b39?
6088b44
In base 12, what is -39 + -a543?
-a580
In base 5, what is -2 + 403420222112?
403420222110
In base 14, what is 2 + -12074c?
-12074a
In base 15, what is 3de47 + da?
3e032
In base 13, what is 5 - 1130360?
-1130358
In base 7, what is 452426 + -610?
451516
In base 4, what is 1313210012 + -2020?
1313201332
In base 5, what is -2440 - 314440232?
-314443222
In base 12, what is -2628056 + -37?
-2628091
In base 16, what is 7b19 + 2bd?
7dd6
In base 3, what is 1 - -10211211001120222?
10211211001121000
In base 13, what is 1a + -251247?
-25122a
In base 11, what is -19551671 - -2?
-1955166a
In base 7, what is 1 - 46642531?
-46642530
In base 14, what is 145 - 76a8?
-7563
In base 13, what is -5 - -84a3cc?
84a3c7
In base 5, what is 11121231420 - 22?
11121231343
In base 12, what is -34243ab - -5?
-34243a6
In base 2, what is 100 + 1001010111011011111111111010?
1001010111011011111111111110
In base 10, what is -273 + 104779?
104506
In base 7, what is 25453 + -1052?
24401
In base 2, what is 1010000011011110 + -111001110?
1001111100010000
In base 9, what is 3006067 - 1?
3006066
In base 12, what is -30 + -49035a4?
-4903614
In base 4, what is -1310232 - -1010?
-1303222
In base 5, what is 333321 + -331440?
1331
In base 5, what is -21410142421 - 2?
-21410142423
In base 10, what is 246 + 329213?
329459
In base 6, what is 4024 + 15314130?
15322154
In base 11, what is 16365 + 5a8?
16962
In base 15, what is 2b692925 + -4?
2b692921
In base 3, what is 1021022 + 21022021100?
21100112122
In base 11, what is -3a05 - 940?
-4845
In base 4, what is 101 - 1133120213?
-1133120112
In base 10, what is 342719 + -24?
342695
In base 2, what is 10 + -100111110111101101001010?
-100111110111101101001000
In base 11, what is -4 - 3450a396?
-3450a39a
In base 16, what is -1 - 1eda5f?
-1eda60
In base 14, what is 22 - -62189?
621ab
In base 14, what is -113119 + -31d?
-113438
In base 4, what is -32331 + -2212311?
-2311302
In base 2, what is 110101011 + -1111111000010?
-1111000010111
In base 16, what is 804 + -4f?
7b5
In base 5, what is 41422334 + 11?
41422400
In base 4, what is 313321 - -213132313?
220112300
In base 11, what is 5032 - -a88?
600a
In base 12, what is -17031 - -13a3?
-1584a
In base 8, what is 33165755 - -35?
33166012
In base 15, what is -81e51 + 16?
-81e3a
In base 8, what is -714520 - -4201?
-710317
In base 10, what is -1 - -22895937?
22895936
In base 13, what is 28a - 5547?
-528a
In base 3, what is -11200 - -1211221011211?
1211221000011
In base 7, what is -144301460 + 3?
-144301454
In base 15, what is 56b - -91b3?
972e
In base 5, what is -3230 - -130411142?
130402412
In base 6, what is -3003322425 - 1?
-3003322430
In base 5, what is 4112 - -1321012?
1330124
In base 9, what is 28515 + 538?
30154
In base 10, what is -2767 - 665?
-3432
In base 6, what is 1 - -1320154333?
1320154334
In base 9, what is -7 + -41744521?
-41744528
In base 11, what is 3 + -604265?
-604262
In base 7, what is -43014113 + 5?
-43014105
In base 3, what is -100001100012011 + 10?
-100001100012001
In base 5, what is 20400 - 23240444?
-23220044
In base 9, what is 1 + -31376207?
-31376206
In base 6, what is -132402254 - -2?
-132402252
In base 5, what is 10 - -4132141304?
4132141314
In base 4, what is 10230033300110 - -1?
10230033300111
In base 2, what is -110010000001001100101 - 11110001?
-110010000001101010110
In base 7, what is 2245015546 + 1?
2245015550
In base 7, what is 3 + 55626233?
55626236
In base 10, what is 4714 - 7193?
-2479
In base 11, what is 264a949 + 182?
2650020
In base 14, what is -1959d - 10a?
-196a9
In base 16, what is 91 - 1d798?
-1d707
In base 8, what is 233337 + 1630?
235167
In base 5, what is 203334043 + -1140?
203332403
In base 6, what is 5 + -233434150?
-233434141
In base 10, what is 7590027 - 3?
7590024
In base 4, what is 12 - 100110331000?
-100110330322
In base 6, what is -40340003235 + -5?
-40340003244
In base 15, what is -c447 + 240?
-c207
In base 15, what is e130c - e?
e12ed
In base 8, what is -355331014 + -2?
-355331016
In base 3, what is -10021010012222101 + 1?
-10021010012222100
In base 3, what is -10011010101001102 + -1?
-10011010101001110
In base 16, what is -5 + 6ee3219?
6ee3214
In base 7, what is 1600214052 + 3?
1600214055
In base 9, what is -3277880 + 4?
-3277875
In base 12, what is 297a59 - -a?
297a67
In base 9, what is 370 - -25007?
25377
In base 12, what is 66b + -9874?
-9205
In base 13, what is 167 + -11571?
-11407
In base 4, what is -100012030 + -212210?
-100230300
In base 16, what is 1320f32 + -8?
1320f2a
In base 15, what is a8 + 1049?
1102
In base 8, what is 62116050 + 2?
62116052
In base 12, what is 6 - -296760b?
2967615
In base 5, what is 1414 - -100303?
102222
In base 6, what is 2054402 - -114?
2054520
In base 12, what is -306a6028 - 3?
-306a602b
In base 13, what is 3233108 + 7?
3233112
In base 15, what is -50cc3dd - -9?
-50cc3d4
In base 3, what is 202201 - 12111012222102?
-12111012012201
In base 10, what is -883 - 66203?
-67086
In base 14, what is 12db147b - 2?
12db1479
In base 11, what is -1 - -1675785?
1675784
In base 13, what is -59c - -137a30?
137461
In base 2, what is -10010110011 - -1011010000110011?
1010111110000000
In base 8, what is 2310 + 133665?
136175
In base 10, what is -4 + 6859935?
6859931
In base 16, what is -66 + a6d9?
a673
In base 9, what is 315044 - -147?
315202
In base 14, what is -1 - -100ba31?
100ba30
In base 11, what is 1 + 153899?
15389a
In base 11, what is -181242 - -10?
-181232
In base 9, what is -1778 + 176785?
175006
In base 4, what is -303 - -31103312121?
31103311212
In base 4, what is -100100 + 321212322?
321112222
In base 7, what is 45301 - -140625?
216226
In base 9, what is -13 - 3532015?
-3532028
In base 5, what is 10 + 24214100022?
24214100032
In base 14, what is 6535ad - -9?
6535b8
In base 11, what is 215 + -259221?
-259007
In base 6, what is 335435 - -101542?
441421
In base 12, what is 41 - -1ab28?
1ab69
In base 9, what is 5805 + -2?
5803
In base 4, what is 1002013300 - 121?
1002013113
In base 16, what is 102bb792 + 6?
102bb798
In base 12, what is -149209 - -a?
-1491bb
In base 11, what is -6593 - 266?
-6849
In base 9, what is 113258 + -756?
112402
In base 14, what is -177 - 2193?
-232a
In base 16, what is 1a288 + a4?
1a32c
In base 11, what is 1a4 - 38a43?
-3884a
In base 12, what is -92 + -99b33?
-9a005
In base 13, what is 6 + -51a828?
-51a822
In base 5, what is 1323 + 1132?
3010
In base 9, what is 0 + 8858101?
8858101
In base 11, what is -5 + -1946a54a?
-1946a554
In base 3, what is 200022100112 + -210?
200022022202
In base 4, what is 10 + 1201211002310?
1201211002320
In base 9, what is -10364837 + 372?
-10364455
In base 3, what is -22221 - 101002012221?
-101002112212
In base 3, what is 101100002201022 + 10?
101100002201102
In base 11, what is 11 + -558857?
-558846
In base 4, what is 3130010 + 122301?
3312311
In base 3, what is 202111010112022 + -2022?
202111010110000
In base 16, what is -6 + -33e0e3e?
-33e0e44
In base 11, what is -53 + 411676?
411623
In base 11, what is 269 - -48913?
49081
In base 4, what is 31 + -1011331103022?
-1011331102331
In base 6, what is -30554111 - 3?
-30554114
In base 15, what is -3ae + -15954?
-15d13
In base 16, what is 45ede72 - d?
45ede65
In base 13, what is -240 - -9199?
8c59
In base 14, what is -17250 + -207?
-17457
In base 11, what is a - -234794?
2347a3
In base 6, what is 20 + -1024431131?
-1024431111
In base 12, what is -7 - -bb305?
bb2ba
In base 4, what is 21201122 - -322111?
22123233
In base 14, what is -3 - 56247?
-5624a
In base 16, what is 3064c7 - -4?
3064cb
In base 11, what is -27333 + -106?
-27439
In base 4, what is 2 + -1312233330?
-1312233322
In base 7, what is -2251133 - 1262?
-2252425
In base 14, what is 71157 + -41?
71116
In base 10, what is 0 - 4143659?
-4143659
In base 8, what is -2456632 + 75?
-2456535
In base 16, what is -3d + 89b8?
897b
In base 7, what is 3062 + 2223651?
2230043
In base 8, what is 114 - 16162365?
-16162251
In base 14, what is -a860c86 + -3?
-a860c89
In base 6, what is 1340503224 - -1?
1340503225
In base 11, what is 4 + 70263a8?
7026401
In base 7, what is 2343420025 + 1?
2343420026
In base 9, what is 1456 + 1367157?
1368624
In base 10, what is 1397